ultiple of 68?
False
Does 39 divide 718?
False
Is 160 a multiple of 20?
True
Does 47 divide 1175?
True
Is 116848 a multiple of 134?
True
Does 19 divide 1748?
True
Does 50 divide 2800?
True
Is 150 a factor of 41680?
False
Is 32 a factor of 4032?
True
Is 18 a factor of 1260?
True
Is 9218 a multiple of 13?
False
Does 42 divide 2821?
False
Is 13 a factor of 5057?
True
Does 32 divide 544?
True
Is 42 a factor of 53760?
True
Does 4 divide 531?
False
Does 46 divide 414?
True
Is 194 a factor of 48888?
True
Is 13 a factor of 3042?
True
Is 4042 a multiple of 47?
True
Does 3 divide 199?
False
Does 15 divide 2788?
False
Is 4 a factor of 292?
True
Is 37 a factor of 386?
False
Does 41 divide 3649?
True
Does 23 divide 1242?
True
Is 5936 a multiple of 53?
True
Is 17 a factor of 228?
False
Is 18 a factor of 324?
True
Is 5 a factor of 1146?
False
Is 735 a multiple of 10?
False
Is 8 a factor of 224?
True
Is 7 a factor of 314?
False
Does 19 divide 421?
False
Is 81 a multiple of 4?
False
Is 1110 a multiple of 74?
True
Does 38 divide 1102?
True
Is 6 a factor of 209?
False
Is 293 a factor of 39848?
True
Is 50116 a multiple of 44?
True
Does 45 divide 23040?
True
Is 28 a factor of 745?
False
Is 39344 a multiple of 63?
False
Is 2734 a multiple of 8?
False
Is 32 a factor of 2122?
False
Is 58 a factor of 13340?
True
Does 62 divide 2542?
True
Does 28 divide 32372?
False
Is 17080 a multiple of 14?
True
Does 39 divide 3113?
False
Does 3 divide 156?
True
Is 10 a factor of 4370?
True
Does 20 divide 9870?
False
Is 57095 a multiple of 9?
False
Is 13702 a multiple of 62?
True
Is 8749 a multiple of 148?
False
Does 34 divide 6020?
False
Does 260 divide 55877?
False
Does 39 divide 11148?
False
Is 14 a factor of 3206?
True
Is 6 a factor of 315?
False
Does 18 divide 86?
False
Is 10 a factor of 239?
False
Does 33 divide 5612?
False
Does 13 divide 185?
False
Is 7721 a multiple of 6?
False
Is 37227 a multiple of 12?
False
Does 10 divide 12770?
True
Does 29 divide 622?
False
Is 6 a factor of 2226?
True
Is 37 a factor of 1674?
False
Does 16 divide 7984?
True
Is 3590 a multiple of 16?
False
Does 9 divide 3952?
False
Is 9074 a multiple of 90?
False
Is 25 a factor of 1575?
True
Is 10 a factor of 6770?
True
Is 284 a factor of 9416?
False
Does 15 divide 135?
True
Is 2070 a multiple of 46?
True
Is 7943 a multiple of 30?
False
Does 41 divide 451?
True
Does 45 divide 3420?
True
Does 17 divide 17187?
True
Does 10 divide 1095?
False
Does 32 divide 865?
False
Is 2396 a multiple of 24?
False
Is 4 a factor of 28?
True
Is 12 a factor of 7423?
False
Does 146 divide 61758?
True
Does 146 divide 13084?
False
Is 8 a factor of 113?
False
Is 75 a factor of 3384?
False
Is 74 a factor of 1406?
True
Is 14 a factor of 9506?
True
Does 12 divide 922?
False
Does 6 divide 106536?
True
Is 3 a factor of 9?
True
Does 70 divide 259?
False
Is 3486 a multiple of 14?
True
Is 20087 a multiple of 53?
True
Is 4 a factor of 5910?
False
Is 24 a factor of 20544?
True
Is 8 a factor of 10035?
False
Is 635 a multiple of 8?
False
Is 876 a multiple of 5?
False
Is 59 a factor of 405?
False
Does 17 divide 10404?
True
Does 17 divide 49640?
True
Does 124 divide 35340?
True
Is 656 a multiple of 16?
True
Does 20 divide 316?
False
Does 46 divide 12397?
False
Is 42 a factor of 630?
True
Is 7034 a multiple of 6?
False
Does 7 divide 613?
False
Does 6 divide 624?
True
Is 8 a factor of 846?
False
Is 300 a multiple of 12?
True
Does 4 divide 22424?
True
Does 23 divide 146377?
False
Is 52 a factor of 5668?
True
Is 8466 a multiple of 51?
True
Is 923 a multiple of 14?
False
Is 12 a factor of 19116?
True
Is 1193 a multiple of 12?
False
Does 106 divide 12508?
True
Is 324 a multiple of 18?
True
Is 29335 a multiple of 101?
False
Is 5 a factor of 4149?
False
Is 36708 a multiple of 114?
True
Is 4 a factor of 48748?
True
Is 62 a factor of 6084?
False
Is 10 a factor of 7210?
True
Is 18 a factor of 90?
True
Is 29 a factor of 2345?
False
Is 22 a factor of 625?
False
Does 74 divide 5772?
True
Is 215 a multiple of 2?
False
Does 26 divide 20652?
False
Is 65894 a multiple of 92?
False
Is 3013 a multiple of 23?
True
Is 39 a factor of 352?
False
Is 22 a factor of 50944?
False
Is 8259 a multiple of 43?
False
Is 13 a factor of 3094?
True
Is 19 a factor of 2033?
True
Does 7 divide 121?
False
Is 1156 a multiple of 4?
True
Is 330 a multiple of 5?
True
Does 49 divide 980?
True
Is 13 a factor of 1963?
True
Does 27 divide 4779?
True
Does 35 divide 48335?
True
Is 515 even?
False
Does 105 divide 4725?
True
Is 32 a factor of 8800?
True
Does 77 divide 5852?
True
Is 282 even?
True
Does 36 divide 828?
True
Is 23 a factor of 57?
False
Is 26 a factor of 31171?
False
Is 1562 a multiple of 79?
False
Is 1067 a multiple of 11?
True
Is 40 a factor of 1157?
False
Is 534 a multiple of 53?
False
Does 2 divide 127?
False
Is 362 a factor of 15272?
False
Is 3337 a multiple of 109?
False
Does 16 divide 862?
False
Is 107 a factor of 49327?
True
Does 17 divide 45765?
False
Does 28 divide 812?
True
Is 132 a factor of 1819?
False
Does 48 divide 22752?
True
Is 1008 a multiple of 28?
True
Does 34 divide 544?
True
Is 26 a factor of 2404?
False
Is 96 a factor of 16118?
False
Is 6804 a multiple of 6?
True
Is 105 a factor of 8680?
False
Is 33 a factor of 2277?
True
Does 31 divide 13329?
False
Does 116 divide 30044?
True
Is 13 a factor of 767?
True
Is 50 a factor of 8550?
True
Is 28 a factor of 530?
False
Does 37 divide 2220?
True
Is 11 a factor of 1659?
False
Does 26 divide 9479?
False
Is 3 a factor of 5943?
True
Is 672 a multiple of 16?
True
Is 80 even?
True
Does 3 divide 136?
False
Does 9 divide 324?
True
Is 7 a factor of 1952?
False
Is 70859 a multiple of 41?
False
Does 39 divide 3939?
True
Does 68 divide 4420?
True
Is 10 a factor of 886?
False
Is 69 a factor of 4140?
True
Does 67 divide 2346?
False
Does 44 divide 76?
False
Does 5 divide 40?
True
Does 15 divide 20294?
False
Does 114 divide 11344?
False
Does 5 divide 484?
False
Is 656 a multiple of 82?
True
Is 12 a factor of 324?
True
Is 1214 a multiple of 5?
False
Is 33791 a multiple of 87?
False
Is 6300 a multiple of 14?
True
Is 4273 a multiple of 69?
False
Is 2975 a multiple of 85?
True
Does 19 divide 31990?
False
Does 68 divide 37196?
True
Is 109 a factor of 16023?
True
Is 8364 a multiple of 17?
True
Is 516 a multiple of 4?
True
Does 4 divide 192?
True
Is 6 a factor of 807?
False
Does 61 divide 1070?
False
Is 23 a factor of 345?
True
Is 4327 a multiple of 6?
False
Is 175 a multiple of 25?
True
Does 4 divide 1195?
False
Is 2 a factor of 42?
True
Is 16880 a multiple of 10?
True
Does 11 divide 6289?
False
Is 2200 a multiple of 67?
False
Is 14 a factor of 14815?
False
Does 7 divide 5537?
True
Is 22272 a multiple of 16?
True
Is 38 a factor of 26828?
True
Is 260 a multiple of 4?
True
Is 86088 a multiple of 46?
False
Is 39 a factor of 11561?
False
Is 51084 a multiple of 12?
True
Does 13 divide 2093?
True
Is 4650 a multiple of 30?
True
Is 27222 a multiple of 78?
True
Does 44 divide 1320?
True
Is 4 a factor of 71?
False
Is 290 a factor of 82656?
False
Does 12 divide 552?
True
Does 38 divide 3230?
True
Does 32 divide 7334?
False
Does 20 divide 14809?
False
Is 57008 a multiple of 14?
True
Is 14 a factor of 584?
False
Is 57 a factor of 1075?
False
Is 11 a factor of 913?
True
Does 13 divide 30583?
False
Does 78 divide 1025?
False
Is 3270 a multiple of 15?
True
Is 108696 a multiple of 107?
False
Is 27 a factor of 18783?
False
Is 1093 even?
False
Does 7 divide 3714?
False
Is 2158 a multiple of 57?
False
Is 3 a factor of 95?
False
Does 156 divide 2652?
True
Is 5434 a multiple of 38?
True
Is 70 a multiple of 19?
False
Is 8 a factor of 496?
True
Does 108 divide 864?
True
Is 21 a factor of 1827?
True
Is 17 a factor of 2533?
True
Does 4 divide 1620?
True
Is 8544 a multiple of 48?
True
Does 9 divide 2421?
True
Does 4 divide 28?
True
Is 228 a factor of 25536?
True
Is 7 a factor of 607?
False
Does 7 divide 40?
False
Is 13 a factor of 1431?
False
Is 5450 a multiple of 74?
False
Is 364 a multiple of 47?
False
Is 847 a multiple of 11?
True
Is 36 a factor of 2952?
True
Is 34 a factor of 646?
True
Does 13 divide 2938?
True
Is 109782 a multiple of 9?
True
Is 23 a factor of 3016?
False
Does 132 divide 105996?
True
Does 29 divide 37120?
True
Does 15 divide 3180?
True
Is 152 